 1. Let g(y) = 2*i(y) + o(y). Let p = 50 - 49. Let k be g(p). Let d(j) = -j + 3. Determine d(k).
-4
Let a(h) = -31*h - 17. Let z(j) = -25*j - 16. Let l(d) = -4*a(d) + 5*z(d). What is l(4)?
-16
Let b be 10 + -5 + -10 + -1. Let o(y) = 2*y**2 + 15*y + 14. Let r be o(b). Let h(s) = 2*s**2 + 5*s - 1. What is h(r)?
11
Let c(x) be the third derivative of x**5/60 - 9*x**4/8 - 25*x**3/6 + 2*x**2 - 784. Give c(28).
3
Let k(b) = -b**3 - b**2 + 5*b + 3. Let l(s) = 22*s + 176. Let y be l(-8). Let v be k(y). Let c(w) = 11*w + 3. Give c(v).
36
Let k(i) be the second derivative of -i**5/20 - 7*i**4/12 - 7*i**3/6 - 5*i**2/2 - 29*i. Suppose 105 = -25*u + 4*u. What is k(u)?
-20
Let r be 18/(3 + 1 + -1 - 1). Suppose 5*v - 39 = 2*p, 4*v - 5*p - 44 = -6. Suppose -r = 16*s + v. Let q(b) = 14*b**3 - b - 1. Give q(s).
-14
Let o(y) be the third derivative of -y**5/60 - 11*y**4/24 - 4*y**3 - 2*y**2 + 5. What is o(-7)?
4
Let s = 4101 - 4106. Let v(b) = b**3 + 7*b**2 - 7*b + 2. Give v(s).
87
Let h(b) = b**2 + 7*b + 6. Suppose -7*l + 48 = 41. Suppose -j = 4*j - 2*t + 10, -3*t = -4*j - l. Determine h(j).
-6
Let w(q) be the third derivative of q**4/24 + 5*q**3/2 - 15*q**2. Suppose -291*z = -296*z - 85. Determine w(z).
-2
Let a(w) = -w**3 - 6*w**2 - w - 4. Let r(t) = -6*t - 126. Suppose -51 + 13 = 2*p + 2*y, 101 = -5*p + y. Let g be r(p). Calculate a(g).
2
Let b(x) = -6*x - 98. Let n(o) = -6*o - 116. Let h(q) = -9*b(q) + 8*n(q). Give h(7).
-4
Let o be -9*(0 + (-10)/45). Suppose n - 3 = -3*c, o*n + 0*c - 11 = -c. Suppose -2*x + s + n = 2, 0 = -x - 2*s - 8. Let f(j) = -j + 5. Determine f(x).
5
Let j(q) be the second derivative of -q**3/2 - 243*q. Let r be -1 - (-4)/(-8)*0. Calculate j(r).
3
Let i(g) = g**2 + 8*g - 7. Suppose 27*x - 815 - 22 = 0. Suppose x*p - 32*p = 9. What is i(p)?
2
Let x(z) = 1 + 2*z - 4*z + z. Let f(n) = -6*n**2 - 18*n - 29. Let m be f(-7). Let r = -195 - m. Give x(r).
-1
Let n be (2*(-11)/6)/(1/(-6)). Let t = 30 - n. Let j(q) = -q**2 + 8*q - 11. Determine j(t).
-11
Let x be ((-12)/(-15))/(((-14)/35)/1) + 6. Let y(v) = -27*v + 104. Give y(x).
-4
Let t be 4/1 - (-13)/(-1). Let n = t - -15. Let a(v) = v**3 - 9 + 8 + 5*v + 2 - n*v**2. What is a(5)?
1
Let w(m) be the second derivative of -m**7/1260 + m**6/720 + m**5/120 + m**4/6 - 2*m**2 + m + 1. Let b(y) be the third derivative of w(y). Give b(-2).
-9
Suppose x - 11 = -3*s, 2*s + 10 + 1 = 3*x. Let y(d) = 3 - 1 - 2*d**s - d - 55*d**3 + 102*d**3 - 48*d**3. What is y(-2)?
4
Suppose 3*l - 126 = o, 5*l - 94 = 5*o + 106. Let f = 6 - l. Let t = f + 28. Let v(s) = s**3 + 8*s**2 - 8*s + 13. Give v(t).
4
Let f be 4/(-10) + (-64)/(-10). Let n be 18/10 - 16/(-80). Let x(t) = -31 + 23 - 2*t + t**n - 2*t. Give x(f).
4
Let d(r) be the first derivative of -r**2/2 + 18*r + 1119. What is d(12)?
6
Suppose -5*b = -77*g + 79*g - 52, 3*b - 12 = 0. Let v(a) = -a**3 + 17*a**2 - 15*a - 16. Calculate v(g).
0
Let y(o) = o + 15. Let v be (-4)/46 - (-2)/23. What is y(v)?
15
Let h(i) = 5*i + 3*i - i. Suppose 1355 = 6*n + 257. Let v = n - 181. Calculate h(v).
14
Let b(d) = -4 - 4*d**3 - 6*d**2 + 17*d + d**2 - 12*d + d**2. Let n(l) = -7*l**3 - 9*l**2 + 8*l - 8. Let s(v) = 5*b(v) - 3*n(v). Give s(-6).
34
Let i(h) = -9*h + 66. Let s(z) = -18*z + 133. Let d(x) = 5*i(x) - 2*s(x). Determine d(7).
1
Let t(j) = 42*j**2 + 30*j + 46. Let h(m) = 8*m**2 - 3. Let r(c) = 5*h(c) - t(c). Determine r(-13).
-9
Suppose 23*y - 9*y - 98 = 0. Let i(d) = 25*d - 33*d + 4 - d**2 + y. Calculate i(-8).
11
Suppose -4*t - 4*k + 36 = 0, 10*t - 11*t - 15 = -5*k. Suppose -4*m = t*d - 31, -5*d = -2*m - 29 + 22. Let c(z) = z**3 - 4*z**2 - 3*z + 6. Give c(d).
-12
Let y(r) = 11*r**2 + 25*r + 24. Let j(i) = 4*i**2 + 8*i + 8. Let h(g) = 8*j(g) - 3*y(g). Let c(m) = 3*m**3 - 37*m**2 - 29*m + 29. Let o be c(13). What is h(o)?
2
Let x be 540/(-14) + (-12)/(-21). Let t = 38 + x. Suppose t = -6*q + 10*q - 24. Let w(p) = -2*p + 9. Calculate w(q).
-3
Let p(b) = 2681 - 5362 - 6*b + 2675. Let h(i) = -3*i**2 - 54*i - 3. Let q be h(-18). Determine p(q).
12
Let i(r) be the first derivative of -11*r**2 + 387*r - 3322. What is i(18)?
-9
Suppose 236*p = 217*p. Let q(t) be the third derivative of 0*t + 8*t**2 + p*t**3 + 1/24*t**4 + 0. Give q(-4).
-4
Let l = 1789 - 1783. Let i(y) = 15*y + 14*y + y**3 - 7*y**2 - 20*y. Give i(l).
18
Let b(i) be the second derivative of i**5/10 + 7*i**4/12 - i**2/2 + 14*i + 4. Let u(s) = s**3 + 6*s**2 - 1. Let d(g) = -4*b(g) + 5*u(g). Calculate d(1).
-2
Let b(z) = -2*z**3 + 36*z**2 + 28*z + 44. Let n(c) = -c**3 + 19*c**2 + 16*c + 23. Let a(l) = 5*b(l) - 9*n(l). What is a(9)?
-23
Let c(o) = -o**3 - 6*o**2 - 2*o + 6. Let s(u) = -u**2 - 14*u + 23. Let l be s(-17). Let f be (-5 + -41)*((-5)/2)/5. Let m = f + l. Give c(m).
-9
Let b(j) = -8*j**2 + j + 58. Let z(i) = -6*i**2 + i + 46. Let p(v) = -4*b(v) + 5*z(v). Calculate p(1).
1
Let k = 28 - 34. Let p(d) = -d**3 - 8*d**2 - 7*d + 4. Let s be p(k). Let b be 6/24 + s/8. Let t(x) = -2*x - 3. What is t(b)?
3
Let n = -6640 - -6601. Let p(l) = 2*l + 74. Calculate p(n).
-4
Let o(d) be the second derivative of -d**3 + 53*d**2 - 11*d - 38. Calculate o(17).
4
Suppose 1872 = -46*u + 1504. Let g(t) = 15*t + 108. What is g(u)?
-12
Let q(t) = -3*t**2 - 9*t + 7. Let f = -22629 - -22623. What is q(f)?
-47
Suppose s - 73 = 23. Suppose -i - 5*i = s. Let f be (22/(-4) - -1)/(12/i). Let p(n) = -n**3 + 7*n**2 - 7*n - 7. Give p(f).
-13
Let u be ((-5 - -9) + -6 - 2) + 0. Let c(q) = -10*q + 1 - 2*q**3 - 14*q - 5*q**2 + 38*q - 12*q. Calculate c(u).
41
Let j be (-22)/(-77) - 24/(-14). Let o(y) = 2*y**2 + 8 - 2*y**j - 5*y**3 - 3*y + 4*y**2 - 4. Let t(v) = v**3 - 1. Let u(b) = -o(b) - 4*t(b). Calculate u(3).
0
Let z(l) = l**2 - 22*l + 37. Let s be z(20). Let f(c) = c**3 + 7*c**2 - 11*c - 15. Let k be f(-8). Let t(d) = 2 + 4*d - k*d + 5 - 5. Give t(s).
17
Let h = -11778 + 11784. Suppose -3 = -3*c + 9. Let y(w) = -2*w - 3*w + 2*w + c*w - 2. Determine y(h).
4
Let o(j) = 237*j + 11. Let d be o(-1). Let u = 236 + d. Let z(b) = b - 7. What is z(u)?
3
Suppose 74 = 84*l + 1922. Let v(q) = q**3 + 25*q**2 + 68*q + 30. Determine v(l).
-14
Let n(b) be the second derivative of b**5/20 - 5*b**4/6 + 5*b**3/2 - 26*b**2 - 2*b + 1599. Calculate n(9).
2
Let q be (25/15)/((-1)/(-3)). Let m(c) = -34 - 13*c**3 + c + 9*c**2 + 14 + 17. Let h(i) = -3*i**3 + i**2 - 1. Let v(l) = 4*h(l) - m(l). Determine v(q).
-6
Let d = 19406 + -19404. Let y(q) be the first derivative of -d*q**2 - 3*q + 14 - 1/3*q**3. What is y(-3)?
0
Suppose 0 = -6*y + 3*y - 39. Let s = y - -15. Let q(t) = 19*t**2 + 7 - 11*t**2 - 7*t**s + 8*t. Give q(-7).
0
Let j(d) = -d**3 - 2 + 459*d**2 - 9*d + 462*d**2 - 931*d**2 + 17 + 7. Determine j(-9).
22
Let l(f) = 121*f - 153. Let m(w) = -96*w + 155. Let c(d) = -5*l(d) - 6*m(d). Determine c(-6).
9
Let k be (0/(4 - 0))/(-1). Let y(f) = -516 + k*f + 515 + 2*f. What is y(-3)?
-7
Suppose -26*k - 38 - 14 = 0. Let t(z) = 11*z - 11. Let l(v) = -4*v + 4. Let a(o) = -17*l(o) - 6*t(o). What is a(k)?
-6
Let i(g) = 3*g + 3*g - 2*g + 20*g**2 - 4*g**3 - 20 - 3*g + 3*g**3. Calculate i(20).
0
Let b(i) be the second derivative of -1/2*i**3 + i + 0 + 3/2*i**2. Let a = 2803 - 2801. Give b(a).
-3
Let k(f) = -8*f**2 - 88. Let p(d) = -6*d**2 - 59. Let z(q) = 5*k(q) - 7*p(q). What is z(0)?
-27
Let n = 103 - 73. Let f = n + -18. Let m(i) = -15 + 72646*i - 36315*i - 36318*i - i**2. Calculate m(f).
-3
Let p(n) = -2*n**2 + 22*n - 61. Suppose 4*d = 2*t + 26, -29*d + 26*d + 5*t = -23. Calculate p(d).
-1
Suppose -5*g = 2*c - 11 + 20, -23 = -c + 3*g. Let x(v) = 38252*v**3 + 10*v**2 + 6 + c*v - 38251*v**3 + 5. What is x(-9)?
20
Let f(u) be the second derivative of u**7/840 - u**6/120 + u**4/12 + u**3/3 - 7*u. Let n(b) be the second derivative of f(b). Give n(2).
-2
Let q(m) = -22*m - 221. Let r(z) = 16*z + 227. Let t(y) = -5*q(y) - 6*r(y). What is t(18)?
-5
Suppose -6*u + 16982 = -2*u + 5*a, -2*u + 8492 = 3*a. Let z(i) = 4244*i + 0*i**2 - u*i - 3*i**2 + 1 + i**3. Determine z(3).
4
Let y(g) be the third derivative of -g**4/24 + 13*g**3/3 + 799*g**2. Determine y(5).
21
Let l(x) = x - 9. Suppose -5*s - 3*h = -25, -s - 4*s - 2*h + 20 = 0. Suppose -1 = 3*t + 5, n = -2*t - s. Suppose -2*b + 27 = -0*p - 5*p, 6 = -n*p. Give l(b).
-3
Suppose 272 = -114*h + 500. Let r(s) be the second derivative of 0